{"id":2010,"date":"2021-03-24T13:36:15","date_gmt":"2021-03-24T12:36:15","guid":{"rendered":"https:\/\/store.kardosystems.com\/?post_type=product&#038;p=2010"},"modified":"2026-03-06T10:20:57","modified_gmt":"2026-03-06T09:20:57","slug":"mata-grzewcza-elektra-md-100-8m2-800w","status":"publish","type":"product","link":"https:\/\/kardosystems.com\/sklep\/produkt\/mata-grzewcza-elektra-md-100-8m2-800w\/","title":{"rendered":"Mata Grzewcza \u2013 8,0 m2\u2013 ELEKTRA MD 100\/8 (800W)"},"content":{"rendered":"<p><strong>Mata grzejna ELEKTRA MD 100\/8,0 do elektrycznego ogrzewania pod\u0142ogowego<br \/>\nna powierzchni\u0119 8,0 m2.<br \/>\n<\/strong><\/p>\n<ul>\n<li>wymiar: szer. 0,5 m x d\u0142.16,0 m<\/li>\n<li>moc jednostkowa : 100 W\/m2<\/li>\n<li>moc ca\u0142kowita: 800 W<\/li>\n<li>grubo\u015b\u0107 maty: 3,9 mm<\/li>\n<li>d\u0142ugo\u015b\u0107 przewodu zasilaj\u0105cego: 4 mb<\/li>\n<li>gwarancja: 20 lat<\/li>\n<\/ul>\n<p>&nbsp;<\/p>\n<p><strong>Opakowanie zawiera:<\/strong><\/p>\n<p>&#8211; mata Elektra MD 100\/8 (8 m2)<br \/>\n&#8211; rurka instalacyjna typu peszel &#8211; 2 szt<br \/>\n&#8211; puszka pog\u0142\u0119biona fi 60 mm<br \/>\n&#8211; instrukcja obs\u0142ugi z kart\u0105 gwarancyjn\u0105<br \/>\n&#8211; nalepka gwarancyjna<\/p>\n","protected":false},"excerpt":{"rendered":"<div class=\"woocommerce-product-details__short-description\">\n<p>Mata sprawdzi si\u0119 jako skuteczne uzupe\u0142nienie systemu grzejnego, b\u0105d\u017a te\u017c jako system podstawowy<br \/>\n(w budynkach o dobrej izolacji). To proste, szybkie i efektywne rozwi\u0105zanie, nie wymagaj\u0105ce du\u017cego nak\u0142adu pracy. Wystarczy post\u0119powa\u0107 zgodnie z instrukcj\u0105 do\u0142\u0105czon\u0105 do opakowania, by samodzielnie wykona\u0107 w swoim domu sprawnie dzia\u0142aj\u0105cy system ogrzewania pod\u0142ogowego.<\/p>\n<\/div>\n<form class=\"cart\" action=\"https:\/\/store.kardosystems.com\/produkt\/mata-grzejna-elektra-md-100-15m2-150w\/\" enctype=\"multipart\/form-data\" method=\"post\">\n<div class=\"quantity buttons_added\">\n<p><strong>Opakowanie zawiera:<\/strong><\/p>\n<p>&#8211; mata Elektra MD 100\/8 (8 m2)<br \/>\n&#8211; rurka instalacyjna typu peszel &#8211; 2 szt<br \/>\n&#8211; puszka pog\u0142\u0119biona fi 60 mm<br \/>\n&#8211; instrukcja obs\u0142ugi z kart\u0105 gwarancyjn\u0105<br \/>\n&#8211; nalepka gwarancyjna<\/p>\n<\/div>\n<\/form>\n","protected":false},"featured_media":5526,"comment_status":"open","ping_status":"closed","template":"","meta":{"ocean_post_layout":"","ocean_both_sidebars_style":"","ocean_both_sidebars_content_width":0,"ocean_both_sidebars_sidebars_width":0,"ocean_sidebar":"0","ocean_second_sidebar":"0","ocean_disable_margins":"enable","ocean_add_body_class":"","ocean_shortcode_before_top_bar":"","ocean_shortcode_after_top_bar":"","ocean_shortcode_before_header":"","ocean_shortcode_after_header":"","ocean_has_shortcode":"","ocean_shortcode_after_title":"","ocean_shortcode_before_footer_widgets":"","ocean_shortcode_after_footer_widgets":"","ocean_shortcode_before_footer_bottom":"","ocean_shortcode_after_footer_bottom":"","ocean_display_top_bar":"default","ocean_display_header":"default","ocean_header_style":"","ocean_center_header_left_menu":"0","ocean_custom_header_template":"0","ocean_custom_logo":0,"ocean_custom_retina_logo":0,"ocean_custom_logo_max_width":0,"ocean_custom_logo_tablet_max_width":0,"ocean_custom_logo_mobile_max_width":0,"ocean_custom_logo_max_height":0,"ocean_custom_logo_tablet_max_height":0,"ocean_custom_logo_mobile_max_height":0,"ocean_header_custom_menu":"0","ocean_menu_typo_font_family":"0","ocean_menu_typo_font_subset":"","ocean_menu_typo_font_size":0,"ocean_menu_typo_font_size_tablet":0,"ocean_menu_typo_font_size_mobile":0,"ocean_menu_typo_font_size_unit":"px","ocean_menu_typo_font_weight":"","ocean_menu_typo_font_weight_tablet":"","ocean_menu_typo_font_weight_mobile":"","ocean_menu_typo_transform":"","ocean_menu_typo_transform_tablet":"","ocean_menu_typo_transform_mobile":"","ocean_menu_typo_line_height":0,"ocean_menu_typo_line_height_tablet":0,"ocean_menu_typo_line_height_mobile":0,"ocean_menu_typo_line_height_unit":"","ocean_menu_typo_spacing":0,"ocean_menu_typo_spacing_tablet":0,"ocean_menu_typo_spacing_mobile":0,"ocean_menu_typo_spacing_unit":"","ocean_menu_link_color":"","ocean_menu_link_color_hover":"","ocean_menu_link_color_active":"","ocean_menu_link_background":"","ocean_menu_link_hover_background":"","ocean_menu_link_active_background":"","ocean_menu_social_links_bg":"","ocean_menu_social_hover_links_bg":"","ocean_menu_social_links_color":"","ocean_menu_social_hover_links_color":"","ocean_disable_title":"default","ocean_disable_heading":"default","ocean_post_title":"","ocean_post_subheading":"","ocean_post_title_style":"","ocean_post_title_background_color":"","ocean_post_title_background":0,"ocean_post_title_bg_image_position":"","ocean_post_title_bg_image_attachment":"","ocean_post_title_bg_image_repeat":"","ocean_post_title_bg_image_size":"","ocean_post_title_height":0,"ocean_post_title_bg_overlay":0.5,"ocean_post_title_bg_overlay_color":"","ocean_disable_breadcrumbs":"default","ocean_breadcrumbs_color":"","ocean_breadcrumbs_separator_color":"","ocean_breadcrumbs_links_color":"","ocean_breadcrumbs_links_hover_color":"","ocean_display_footer_widgets":"default","ocean_display_footer_bottom":"default","ocean_custom_footer_template":"0"},"product_brand":[],"product_cat":[182,73,148],"product_tag":[],"class_list":{"0":"post-2010","1":"product","2":"type-product","3":"status-publish","4":"has-post-thumbnail","6":"product_cat-100w","7":"product_cat-elektryczne","8":"product_cat-maty-grzewcze","9":"product_shipping_class-male","11":"entry","12":"has-media","14":"first","15":"instock","16":"sale","17":"taxable","18":"shipping-taxable","19":"purchasable","20":"product-type-simple","21":"has-product-nav","22":"col","23":"span_1_of_3","24":"owp-content-center","25":"item-entry","26":"owp-thumbs-layout-horizontal","27":"owp-btn-normal","28":"owp-tabs-layout-horizontal"},"yoast_head":"<!-- This site is optimized with the Yoast SEO plugin v27.4 - https:\/\/yoast.com\/product\/yoast-seo-wordpress\/ -->\n<title>Mata Grzewcza \u2013 8,0 m2\u2013 ELEKTRA MD 100\/8 (800W) - KARDO Sklep - Ogrzewanie pod\u0142ogowe i systemy grzejne<\/title>\n<meta name=\"robots\" content=\"index, follow, max-snippet:-1, max-image-preview:large, max-video-preview:-1\" \/>\n<link rel=\"canonical\" href=\"https:\/\/kardosystems.com\/sklep\/produkt\/mata-grzewcza-elektra-md-100-8m2-800w\/\" \/>\n<meta property=\"og:locale\" content=\"pl_PL\" \/>\n<meta property=\"og:type\" content=\"article\" \/>\n<meta property=\"og:title\" content=\"Mata Grzewcza \u2013 8,0 m2\u2013 ELEKTRA MD 100\/8 (800W) - KARDO Sklep - Ogrzewanie pod\u0142ogowe i systemy grzejne\" \/>\n<meta property=\"og:description\" content=\"Mata sprawdzi si\u0119 jako skuteczne uzupe\u0142nienie systemu grzejnego, b\u0105d\u017a te\u017c jako system podstawowy (w budynkach o dobrej izolacji). To proste, szybkie i efektywne rozwi\u0105zanie, nie wymagaj\u0105ce du\u017cego nak\u0142adu pracy. Wystarczy post\u0119powa\u0107 zgodnie z instrukcj\u0105 do\u0142\u0105czon\u0105 do opakowania, by samodzielnie wykona\u0107 w swoim domu sprawnie dzia\u0142aj\u0105cy system ogrzewania pod\u0142ogowego.      Opakowanie zawiera:  - mata Elektra MD 100\/8 (8 m2) - rurka instalacyjna typu peszel - 2 szt - puszka pog\u0142\u0119biona fi 60 mm - instrukcja obs\u0142ugi z kart\u0105 gwarancyjn\u0105 - nalepka gwarancyjna\" \/>\n<meta property=\"og:url\" content=\"https:\/\/kardosystems.com\/sklep\/produkt\/mata-grzewcza-elektra-md-100-8m2-800w\/\" \/>\n<meta property=\"og:site_name\" content=\"KARDO Sklep - Ogrzewanie pod\u0142ogowe i systemy grzejne\" \/>\n<meta property=\"article:modified_time\" content=\"2026-03-06T09:20:57+00:00\" \/>\n<meta property=\"og:image\" content=\"https:\/\/kardosystems.com\/sklep\/wp-content\/uploads\/2021\/03\/mata-grzewcza-elektra.jpg\" \/>\n\t<meta property=\"og:image:width\" content=\"797\" \/>\n\t<meta property=\"og:image:height\" content=\"797\" \/>\n\t<meta property=\"og:image:type\" content=\"image\/jpeg\" \/>\n<meta name=\"twitter:card\" content=\"summary_large_image\" \/>\n<meta name=\"twitter:label1\" content=\"Szacowany czas czytania\" \/>\n\t<meta name=\"twitter:data1\" content=\"1 minuta\" \/>\n<script type=\"application\/ld+json\" class=\"yoast-schema-graph\">{\"@context\":\"https:\\\/\\\/schema.org\",\"@graph\":[{\"@type\":\"WebPage\",\"@id\":\"https:\\\/\\\/kardosystems.com\\\/sklep\\\/produkt\\\/mata-grzewcza-elektra-md-100-8m2-800w\\\/\",\"url\":\"https:\\\/\\\/kardosystems.com\\\/sklep\\\/produkt\\\/mata-grzewcza-elektra-md-100-8m2-800w\\\/\",\"name\":\"Mata Grzewcza \u2013 8,0 m2\u2013 ELEKTRA MD 100\\\/8 (800W) - KARDO Sklep - Ogrzewanie pod\u0142ogowe i systemy grzejne\",\"isPartOf\":{\"@id\":\"https:\\\/\\\/kardosystems.com\\\/sklep\\\/#website\"},\"primaryImageOfPage\":{\"@id\":\"https:\\\/\\\/kardosystems.com\\\/sklep\\\/produkt\\\/mata-grzewcza-elektra-md-100-8m2-800w\\\/#primaryimage\"},\"image\":{\"@id\":\"https:\\\/\\\/kardosystems.com\\\/sklep\\\/produkt\\\/mata-grzewcza-elektra-md-100-8m2-800w\\\/#primaryimage\"},\"thumbnailUrl\":\"https:\\\/\\\/kardosystems.com\\\/sklep\\\/wp-content\\\/uploads\\\/2021\\\/03\\\/mata-grzewcza-elektra.jpg\",\"datePublished\":\"2021-03-24T12:36:15+00:00\",\"dateModified\":\"2026-03-06T09:20:57+00:00\",\"breadcrumb\":{\"@id\":\"https:\\\/\\\/kardosystems.com\\\/sklep\\\/produkt\\\/mata-grzewcza-elektra-md-100-8m2-800w\\\/#breadcrumb\"},\"inLanguage\":\"pl-PL\",\"potentialAction\":[{\"@type\":\"ReadAction\",\"target\":[\"https:\\\/\\\/kardosystems.com\\\/sklep\\\/produkt\\\/mata-grzewcza-elektra-md-100-8m2-800w\\\/\"]}]},{\"@type\":\"ImageObject\",\"inLanguage\":\"pl-PL\",\"@id\":\"https:\\\/\\\/kardosystems.com\\\/sklep\\\/produkt\\\/mata-grzewcza-elektra-md-100-8m2-800w\\\/#primaryimage\",\"url\":\"https:\\\/\\\/kardosystems.com\\\/sklep\\\/wp-content\\\/uploads\\\/2021\\\/03\\\/mata-grzewcza-elektra.jpg\",\"contentUrl\":\"https:\\\/\\\/kardosystems.com\\\/sklep\\\/wp-content\\\/uploads\\\/2021\\\/03\\\/mata-grzewcza-elektra.jpg\",\"width\":797,\"height\":797,\"caption\":\"mata grzewcza elektra\"},{\"@type\":\"BreadcrumbList\",\"@id\":\"https:\\\/\\\/kardosystems.com\\\/sklep\\\/produkt\\\/mata-grzewcza-elektra-md-100-8m2-800w\\\/#breadcrumb\",\"itemListElement\":[{\"@type\":\"ListItem\",\"position\":1,\"name\":\"Strona g\u0142\u00f3wna\",\"item\":\"https:\\\/\\\/kardosystems.com\\\/sklep\\\/\"},{\"@type\":\"ListItem\",\"position\":2,\"name\":\"Wszystkie produkty\",\"item\":\"https:\\\/\\\/kardosystems.com\\\/sklep\\\/produkty\\\/\"},{\"@type\":\"ListItem\",\"position\":3,\"name\":\"Mata Grzewcza \u2013 8,0 m2\u2013 ELEKTRA MD 100\\\/8 (800W)\"}]},{\"@type\":\"WebSite\",\"@id\":\"https:\\\/\\\/kardosystems.com\\\/sklep\\\/#website\",\"url\":\"https:\\\/\\\/kardosystems.com\\\/sklep\\\/\",\"name\":\"KARDO Sklep - Ogrzewanie pod\u0142ogowe i systemy grzejne\",\"description\":\"Systemy KARDO izolacyjno grzewcze\",\"publisher\":{\"@id\":\"https:\\\/\\\/kardosystems.com\\\/sklep\\\/#organization\"},\"potentialAction\":[{\"@type\":\"SearchAction\",\"target\":{\"@type\":\"EntryPoint\",\"urlTemplate\":\"https:\\\/\\\/kardosystems.com\\\/sklep\\\/?s={search_term_string}\"},\"query-input\":{\"@type\":\"PropertyValueSpecification\",\"valueRequired\":true,\"valueName\":\"search_term_string\"}}],\"inLanguage\":\"pl-PL\"},{\"@type\":\"Organization\",\"@id\":\"https:\\\/\\\/kardosystems.com\\\/sklep\\\/#organization\",\"name\":\"KARDO SYSTEMS\",\"url\":\"https:\\\/\\\/kardosystems.com\\\/sklep\\\/\",\"logo\":{\"@type\":\"ImageObject\",\"inLanguage\":\"pl-PL\",\"@id\":\"https:\\\/\\\/kardosystems.com\\\/sklep\\\/#\\\/schema\\\/logo\\\/image\\\/\",\"url\":\"https:\\\/\\\/kardosystems.com\\\/sklep\\\/wp-content\\\/uploads\\\/2020\\\/06\\\/cropped-logosdsdsd.png\",\"contentUrl\":\"https:\\\/\\\/kardosystems.com\\\/sklep\\\/wp-content\\\/uploads\\\/2020\\\/06\\\/cropped-logosdsdsd.png\",\"width\":512,\"height\":512,\"caption\":\"KARDO SYSTEMS\"},\"image\":{\"@id\":\"https:\\\/\\\/kardosystems.com\\\/sklep\\\/#\\\/schema\\\/logo\\\/image\\\/\"}}]}<\/script>\n<!-- \/ Yoast SEO plugin. -->","yoast_head_json":{"title":"Mata Grzewcza \u2013 8,0 m2\u2013 ELEKTRA MD 100\/8 (800W) - KARDO Sklep - Ogrzewanie pod\u0142ogowe i systemy grzejne","robots":{"index":"index","follow":"follow","max-snippet":"max-snippet:-1","max-image-preview":"max-image-preview:large","max-video-preview":"max-video-preview:-1"},"canonical":"https:\/\/kardosystems.com\/sklep\/produkt\/mata-grzewcza-elektra-md-100-8m2-800w\/","og_locale":"pl_PL","og_type":"article","og_title":"Mata Grzewcza \u2013 8,0 m2\u2013 ELEKTRA MD 100\/8 (800W) - KARDO Sklep - Ogrzewanie pod\u0142ogowe i systemy grzejne","og_description":"Mata sprawdzi si\u0119 jako skuteczne uzupe\u0142nienie systemu grzejnego, b\u0105d\u017a te\u017c jako system podstawowy (w budynkach o dobrej izolacji). To proste, szybkie i efektywne rozwi\u0105zanie, nie wymagaj\u0105ce du\u017cego nak\u0142adu pracy. Wystarczy post\u0119powa\u0107 zgodnie z instrukcj\u0105 do\u0142\u0105czon\u0105 do opakowania, by samodzielnie wykona\u0107 w swoim domu sprawnie dzia\u0142aj\u0105cy system ogrzewania pod\u0142ogowego.      Opakowanie zawiera:  - mata Elektra MD 100\/8 (8 m2) - rurka instalacyjna typu peszel - 2 szt - puszka pog\u0142\u0119biona fi 60 mm - instrukcja obs\u0142ugi z kart\u0105 gwarancyjn\u0105 - nalepka gwarancyjna","og_url":"https:\/\/kardosystems.com\/sklep\/produkt\/mata-grzewcza-elektra-md-100-8m2-800w\/","og_site_name":"KARDO Sklep - Ogrzewanie pod\u0142ogowe i systemy grzejne","article_modified_time":"2026-03-06T09:20:57+00:00","og_image":[{"width":797,"height":797,"url":"https:\/\/kardosystems.com\/sklep\/wp-content\/uploads\/2021\/03\/mata-grzewcza-elektra.jpg","type":"image\/jpeg"}],"twitter_card":"summary_large_image","twitter_misc":{"Szacowany czas czytania":"1 minuta"},"schema":{"@context":"https:\/\/schema.org","@graph":[{"@type":"WebPage","@id":"https:\/\/kardosystems.com\/sklep\/produkt\/mata-grzewcza-elektra-md-100-8m2-800w\/","url":"https:\/\/kardosystems.com\/sklep\/produkt\/mata-grzewcza-elektra-md-100-8m2-800w\/","name":"Mata Grzewcza \u2013 8,0 m2\u2013 ELEKTRA MD 100\/8 (800W) - KARDO Sklep - Ogrzewanie pod\u0142ogowe i systemy grzejne","isPartOf":{"@id":"https:\/\/kardosystems.com\/sklep\/#website"},"primaryImageOfPage":{"@id":"https:\/\/kardosystems.com\/sklep\/produkt\/mata-grzewcza-elektra-md-100-8m2-800w\/#primaryimage"},"image":{"@id":"https:\/\/kardosystems.com\/sklep\/produkt\/mata-grzewcza-elektra-md-100-8m2-800w\/#primaryimage"},"thumbnailUrl":"https:\/\/kardosystems.com\/sklep\/wp-content\/uploads\/2021\/03\/mata-grzewcza-elektra.jpg","datePublished":"2021-03-24T12:36:15+00:00","dateModified":"2026-03-06T09:20:57+00:00","breadcrumb":{"@id":"https:\/\/kardosystems.com\/sklep\/produkt\/mata-grzewcza-elektra-md-100-8m2-800w\/#breadcrumb"},"inLanguage":"pl-PL","potentialAction":[{"@type":"ReadAction","target":["https:\/\/kardosystems.com\/sklep\/produkt\/mata-grzewcza-elektra-md-100-8m2-800w\/"]}]},{"@type":"ImageObject","inLanguage":"pl-PL","@id":"https:\/\/kardosystems.com\/sklep\/produkt\/mata-grzewcza-elektra-md-100-8m2-800w\/#primaryimage","url":"https:\/\/kardosystems.com\/sklep\/wp-content\/uploads\/2021\/03\/mata-grzewcza-elektra.jpg","contentUrl":"https:\/\/kardosystems.com\/sklep\/wp-content\/uploads\/2021\/03\/mata-grzewcza-elektra.jpg","width":797,"height":797,"caption":"mata grzewcza elektra"},{"@type":"BreadcrumbList","@id":"https:\/\/kardosystems.com\/sklep\/produkt\/mata-grzewcza-elektra-md-100-8m2-800w\/#breadcrumb","itemListElement":[{"@type":"ListItem","position":1,"name":"Strona g\u0142\u00f3wna","item":"https:\/\/kardosystems.com\/sklep\/"},{"@type":"ListItem","position":2,"name":"Wszystkie produkty","item":"https:\/\/kardosystems.com\/sklep\/produkty\/"},{"@type":"ListItem","position":3,"name":"Mata Grzewcza \u2013 8,0 m2\u2013 ELEKTRA MD 100\/8 (800W)"}]},{"@type":"WebSite","@id":"https:\/\/kardosystems.com\/sklep\/#website","url":"https:\/\/kardosystems.com\/sklep\/","name":"KARDO Sklep - Ogrzewanie pod\u0142ogowe i systemy grzejne","description":"Systemy KARDO izolacyjno grzewcze","publisher":{"@id":"https:\/\/kardosystems.com\/sklep\/#organization"},"potentialAction":[{"@type":"SearchAction","target":{"@type":"EntryPoint","urlTemplate":"https:\/\/kardosystems.com\/sklep\/?s={search_term_string}"},"query-input":{"@type":"PropertyValueSpecification","valueRequired":true,"valueName":"search_term_string"}}],"inLanguage":"pl-PL"},{"@type":"Organization","@id":"https:\/\/kardosystems.com\/sklep\/#organization","name":"KARDO SYSTEMS","url":"https:\/\/kardosystems.com\/sklep\/","logo":{"@type":"ImageObject","inLanguage":"pl-PL","@id":"https:\/\/kardosystems.com\/sklep\/#\/schema\/logo\/image\/","url":"https:\/\/kardosystems.com\/sklep\/wp-content\/uploads\/2020\/06\/cropped-logosdsdsd.png","contentUrl":"https:\/\/kardosystems.com\/sklep\/wp-content\/uploads\/2020\/06\/cropped-logosdsdsd.png","width":512,"height":512,"caption":"KARDO SYSTEMS"},"image":{"@id":"https:\/\/kardosystems.com\/sklep\/#\/schema\/logo\/image\/"}}]}},"_links":{"self":[{"href":"https:\/\/kardosystems.com\/sklep\/wp-json\/wp\/v2\/product\/2010","targetHints":{"allow":["GET"]}}],"collection":[{"href":"https:\/\/kardosystems.com\/sklep\/wp-json\/wp\/v2\/product"}],"about":[{"href":"https:\/\/kardosystems.com\/sklep\/wp-json\/wp\/v2\/types\/product"}],"replies":[{"embeddable":true,"href":"https:\/\/kardosystems.com\/sklep\/wp-json\/wp\/v2\/comments?post=2010"}],"version-history":[{"count":8,"href":"https:\/\/kardosystems.com\/sklep\/wp-json\/wp\/v2\/product\/2010\/revisions"}],"predecessor-version":[{"id":7560,"href":"https:\/\/kardosystems.com\/sklep\/wp-json\/wp\/v2\/product\/2010\/revisions\/7560"}],"wp:featuredmedia":[{"embeddable":true,"href":"https:\/\/kardosystems.com\/sklep\/wp-json\/wp\/v2\/media\/5526"}],"wp:attachment":[{"href":"https:\/\/kardosystems.com\/sklep\/wp-json\/wp\/v2\/media?parent=2010"}],"wp:term":[{"taxonomy":"product_brand","embeddable":true,"href":"https:\/\/kardosystems.com\/sklep\/wp-json\/wp\/v2\/product_brand?post=2010"},{"taxonomy":"product_cat","embeddable":true,"href":"https:\/\/kardosystems.com\/sklep\/wp-json\/wp\/v2\/product_cat?post=2010"},{"taxonomy":"product_tag","embeddable":true,"href":"https:\/\/kardosystems.com\/sklep\/wp-json\/wp\/v2\/product_tag?post=2010"}],"curies":[{"name":"wp","href":"https:\/\/api.w.org\/{rel}","templated":true}]}}