{"id":1433,"date":"2020-08-24T14:04:33","date_gmt":"2020-08-24T12:04:33","guid":{"rendered":"https:\/\/sklep.elektrakardo.pl\/?post_type=product&#038;p=1433"},"modified":"2025-07-24T10:20:12","modified_gmt":"2025-07-24T08:20:12","slug":"mata-elektra-md-160-70-70-m2-izolacja-kardo-thermopanel-10-mm-termostat-elr-20","status":"publish","type":"product","link":"https:\/\/kardosystems.com\/sklep\/produkt\/mata-elektra-md-160-70-70-m2-izolacja-kardo-thermopanel-10-mm-termostat-elr-20\/","title":{"rendered":"Mata ELEKTRA -7,0 m2- MD 160\/7,0 + izolacja + termostat"},"content":{"rendered":"<p>Zestaw elektrycznego ogrzewania pod\u0142ogowego <strong>na powierzchni\u0119 7,0 m2<\/strong> wraz z podk\u0142adem izolacyjnym KARDO Thermopanel grubo\u015bci 10 mm oraz elektronicznym 6-cio zdarzeniowym termostatem programowalnym z du\u017cym wy\u015bwietlaczem LCD.<\/p>\n<p><strong>Mata ELEKTRA MD 160\/7,0<\/strong><\/p>\n<ul>\n<li>wymiar: szer. 0,5 m x d\u0142. 14,0 m<\/li>\n<li>moc jednostkowa : 160 W\/m2<\/li>\n<li>moc ca\u0142kowita: 1120 W<\/li>\n<li>grubo\u015b\u0107 maty: 3,9 mm<\/li>\n<li>d\u0142ugo\u015b\u0107 przewodu zasilaj\u0105cego: 4 mb<\/li>\n<li>gwarancja: 20 lat<\/li>\n<\/ul>\n<p><img fetchpriority=\"high\" decoding=\"async\" class=\" wp-image-1387 aligncenter\" src=\"https:\/\/sklep.elektrakardo.pl\/wp-content\/uploads\/2020\/08\/mata-MD-1-300x186.jpg\" alt=\"\" width=\"460\" height=\"285\" srcset=\"https:\/\/kardosystems.com\/sklep\/wp-content\/uploads\/2020\/08\/mata-MD-1-300x186.jpg 300w, https:\/\/kardosystems.com\/sklep\/wp-content\/uploads\/2020\/08\/mata-MD-1-1024x636.jpg 1024w, https:\/\/kardosystems.com\/sklep\/wp-content\/uploads\/2020\/08\/mata-MD-1-768x477.jpg 768w, https:\/\/kardosystems.com\/sklep\/wp-content\/uploads\/2020\/08\/mata-MD-1-1536x954.jpg 1536w, https:\/\/kardosystems.com\/sklep\/wp-content\/uploads\/2020\/08\/mata-MD-1-504x313.jpg 504w, https:\/\/kardosystems.com\/sklep\/wp-content\/uploads\/2020\/08\/mata-MD-1.jpg 1900w\" sizes=\"(max-width: 460px) 100vw, 460px\" \/><\/p>\n<p>Opakowanie zawiera:<br \/>\n&#8211; rurka instalacyjna typu peszel &#8211; 2 szt<br \/>\n&#8211; puszka pog\u0142\u0119biona fi 60 mm<\/p>\n<p>&nbsp;<\/p>\n<p><strong>Termostat ELR-20<br \/>\n<\/strong><\/p>\n<p><img decoding=\"async\" class=\" wp-image-1364 aligncenter\" src=\"https:\/\/sklep.elektrakardo.pl\/wp-content\/uploads\/2020\/08\/ELR20-Temperature-Controller-300x300-1-300x300.gif\" alt=\"\" width=\"209\" height=\"209\" srcset=\"https:\/\/kardosystems.com\/sklep\/wp-content\/uploads\/2020\/08\/ELR20-Temperature-Controller-300x300-1-300x300.gif 300w, https:\/\/kardosystems.com\/sklep\/wp-content\/uploads\/2020\/08\/ELR20-Temperature-Controller-300x300-1-150x150.gif 150w, https:\/\/kardosystems.com\/sklep\/wp-content\/uploads\/2020\/08\/ELR20-Temperature-Controller-300x300-1-265x265.gif 265w, https:\/\/kardosystems.com\/sklep\/wp-content\/uploads\/2020\/08\/ELR20-Temperature-Controller-300x300-1-100x100.gif 100w\" sizes=\"(max-width: 209px) 100vw, 209px\" \/><\/p>\n<p>Elektroniczny 6-zdarzeniowy regulator temperatury ELEKTRA ELR 20 z wy\u015bwietlaczem LCD przeznaczony do sterowania systemami grzejnymi, w szczeg\u00f3lno\u015bci ogrzewaniem pod\u0142ogowym. Mo\u017cliwo\u015b\u0107 skonfigurowania w trzech wariantach pomiaru temperatury, poprzez czujnik: powietrzny, pod\u0142ogowy oraz powietrzny i pod\u0142ogowy (limituj\u0105cy). Du\u017cy wy\u015bwietlacz LCD zapewnia dobr\u0105 komunikacj\u0119 z u\u017cytkownikiem.<\/p>\n<p>Dane techniczne:<\/p>\n<ul>\n<li>Napi\u0119cie zasilania: 230 V ~50\/60 Hz<\/li>\n<li>Max. obci\u0105\u017cenie: 16A, 230 V ~50\/60 Hz<\/li>\n<li>Niskie zu\u017cycie energii elektrycznej w stanie czuwania: &lt;1W<\/li>\n<li>Monta\u017c: podtynkowy<\/li>\n<li>Pod\u0142\u0105czenie do jednego zacisku max. 2 przewod\u00f3w 1,5mm\u00b2 lub 1 przewodu 2,5mm\u00b2<\/li>\n<li>Funkcje zegara: 6 programowalnych zdarze\u0144 na ka\u017cdy dzie\u0144<\/li>\n<li>Zakres regulacji temperatury komfortowej: +5\u00b0C +90\u00b0C dla ka\u017cdego zdarzenia<\/li>\n<li>Zakres regulacji temperatury ekonomicznej: +5\u00b0C +90\u00b0C dla ka\u017cdego zdarzenia<\/li>\n<li>Zakres regulacji limituj\u0105cego czujnika pod\u0142ogowego: +16\u00b0C \u00f7 +60\u00b0C<\/li>\n<li>Zakres regulacji temperatury ochrony przed mrozem: +5\u00b0C \u00f7 +10\u00b0C<\/li>\n<li>Tryb pracy r\u0119cznej:<br \/>\nzakres regulacji temperatury: +5\u00b0C +90\u00b0C<br \/>\nczas pracy: do odwo\u0142ania<\/li>\n<li>Histereza: regulowana 0,5\u00b0C \u00f7 10\u00b0C<\/li>\n<li>Stopie\u0144 ochrony: IP 20<\/li>\n<li>Wymiary (wys. x szer. x g\u0142\u0119b.): 90 x 86 x 45 mm<\/li>\n<li>Wy\u015bwietlacz: 46 x 55 mm (LCD)<\/li>\n<li>Gwarancja: 2 lata<\/li>\n<\/ul>\n<p>&nbsp;<\/p>\n<p><strong>P\u0142yta izolacyjna KARDO Thermopanel<\/strong><\/p>\n<p><img decoding=\"async\" class=\"wp-image-853 aligncenter\" src=\"https:\/\/sklep.elektrakardo.pl\/wp-content\/uploads\/2020\/06\/p\u0142yty-thermopanelpol-300x160.jpg\" alt=\"\" width=\"579\" height=\"309\" srcset=\"https:\/\/kardosystems.com\/sklep\/wp-content\/uploads\/2020\/06\/p\u0142yty-thermopanelpol-300x160.jpg 300w, https:\/\/kardosystems.com\/sklep\/wp-content\/uploads\/2020\/06\/p\u0142yty-thermopanelpol-504x270.jpg 504w, https:\/\/kardosystems.com\/sklep\/wp-content\/uploads\/2020\/06\/p\u0142yty-thermopanelpol-1024x548.jpg 1024w, https:\/\/kardosystems.com\/sklep\/wp-content\/uploads\/2020\/06\/p\u0142yty-thermopanelpol-768x411.jpg 768w, https:\/\/kardosystems.com\/sklep\/wp-content\/uploads\/2020\/06\/p\u0142yty-thermopanelpol.jpg 1496w\" sizes=\"(max-width: 579px) 100vw, 579px\" \/><\/p>\n<p>Pyty THERMOPANEL s\u0105 materia\u0142em izolacyjno-konstrukcyjnym, na kt\u00f3rym mo\u017cna bezpo\u015brednio uk\u0142ada\u0107 r\u00f3\u017cnego rodzaju posadzki (terakota, wyk\u0142adzina, panele pod\u0142ogowe itp.) THERMOPANEL mo\u017cna montowa\u0107 na konstrukcji stropu bez konieczno\u015bci uk\u0142adania g\u0142adzi betonowej. Tym sposobem mamy trwa\u0142\u0105 powierzchni\u0119 wyr\u00f3wnuj\u0105c\u0105 wraz z izolacj\u0105 termiczn\u0105 i akustyczn\u0105. Zastosowanie p\u0142yt eliminuje potrzeb\u0119 wykonywania dylatacji na du\u017cych powierzchniach tworz\u0105c tzw. pod\u0142og\u0119 p\u0142ywaj\u0105c\u0105. Szczeg\u00f3lnie polecane pod ogrzewanie pod\u0142ogowe w postaci elektrycznych mat i przewod\u00f3w grzejnych.<\/p>\n<p>wymiar:<\/p>\n<ul>\n<li>d\u0142ugo\u015b\u0107: 1250 mm<\/li>\n<li>szeroko\u015b\u0107: 600 mm<\/li>\n<li>grubo\u015b\u0107: 10 mm<\/li>\n<\/ul>\n","protected":false},"excerpt":{"rendered":"<p>Zestaw elektrycznego ogrzewania pod\u0142ogowego na powierzchni\u0119 7,0 m2 wraz z podk\u0142adem izolacyjnym KARDO Thermopanel grubo\u015bci 10 mm oraz elektronicznym 6-cio zdarzeniowym termostatem programowalnym z du\u017cym wy\u015bwietlaczem LCD.<\/p>\n<p>&#8211; mata MD 160\/7,0 (1120W) &#8211; 1 szt<br \/>\n&#8211; termostat ELR-20 &#8211; 1 szt<br \/>\n&#8211; p\u0142yta izolacyjna Thermopanel &#8211; 10 szt<\/p>\n<p><a href=\"https:\/\/sklep.elektrakardo.pl\/wp-content\/uploads\/2020\/08\/Instrukcja-montazu-mata-ELEKTRA-MDMG.pdf\">Instrukcja mata ELEKTRA <\/a><br \/>\n<a href=\"https:\/\/sklep.elektrakardo.pl\/wp-content\/uploads\/2020\/08\/Instrukcja-obslugi-termostat-ELELKTRA-ELR-20.pdf\">Instrukcja termostat ELR-20<\/a><br \/>\n<a href=\"https:\/\/sklep.elektrakardo.pl\/wp-content\/uploads\/2020\/06\/Thermopanel.pdf\">Karta katalogowa &#8211; instrukcja KARDO Thermopanel<\/a><\/p>\n<p>&nbsp;<\/p>\n","protected":false},"featured_media":1381,"comment_status":"open","ping_status":"closed","template":"","meta":{"ocean_post_layout":"","ocean_both_sidebars_style":"","ocean_both_sidebars_content_width":0,"ocean_both_sidebars_sidebars_width":0,"ocean_sidebar":"0","ocean_second_sidebar":"0","ocean_disable_margins":"enable","ocean_add_body_class":"","ocean_shortcode_before_top_bar":"","ocean_shortcode_after_top_bar":"","ocean_shortcode_before_header":"","ocean_shortcode_after_header":"","ocean_has_shortcode":"","ocean_shortcode_after_title":"","ocean_shortcode_before_footer_widgets":"","ocean_shortcode_after_footer_widgets":"","ocean_shortcode_before_footer_bottom":"","ocean_shortcode_after_footer_bottom":"","ocean_display_top_bar":"default","ocean_display_header":"default","ocean_header_style":"","ocean_center_header_left_menu":"0","ocean_custom_header_template":"0","ocean_custom_logo":0,"ocean_custom_retina_logo":0,"ocean_custom_logo_max_width":0,"ocean_custom_logo_tablet_max_width":0,"ocean_custom_logo_mobile_max_width":0,"ocean_custom_logo_max_height":0,"ocean_custom_logo_tablet_max_height":0,"ocean_custom_logo_mobile_max_height":0,"ocean_header_custom_menu":"0","ocean_menu_typo_font_family":"0","ocean_menu_typo_font_subset":"","ocean_menu_typo_font_size":0,"ocean_menu_typo_font_size_tablet":0,"ocean_menu_typo_font_size_mobile":0,"ocean_menu_typo_font_size_unit":"px","ocean_menu_typo_font_weight":"","ocean_menu_typo_font_weight_tablet":"","ocean_menu_typo_font_weight_mobile":"","ocean_menu_typo_transform":"","ocean_menu_typo_transform_tablet":"","ocean_menu_typo_transform_mobile":"","ocean_menu_typo_line_height":0,"ocean_menu_typo_line_height_tablet":0,"ocean_menu_typo_line_height_mobile":0,"ocean_menu_typo_line_height_unit":"","ocean_menu_typo_spacing":0,"ocean_menu_typo_spacing_tablet":0,"ocean_menu_typo_spacing_mobile":0,"ocean_menu_typo_spacing_unit":"","ocean_menu_link_color":"","ocean_menu_link_color_hover":"","ocean_menu_link_color_active":"","ocean_menu_link_background":"","ocean_menu_link_hover_background":"","ocean_menu_link_active_background":"","ocean_menu_social_links_bg":"","ocean_menu_social_hover_links_bg":"","ocean_menu_social_links_color":"","ocean_menu_social_hover_links_color":"","ocean_disable_title":"default","ocean_disable_heading":"default","ocean_post_title":"","ocean_post_subheading":"","ocean_post_title_style":"","ocean_post_title_background_color":"","ocean_post_title_background":0,"ocean_post_title_bg_image_position":"","ocean_post_title_bg_image_attachment":"","ocean_post_title_bg_image_repeat":"","ocean_post_title_bg_image_size":"","ocean_post_title_height":0,"ocean_post_title_bg_overlay":0.5,"ocean_post_title_bg_overlay_color":"","ocean_disable_breadcrumbs":"default","ocean_breadcrumbs_color":"","ocean_breadcrumbs_separator_color":"","ocean_breadcrumbs_links_color":"","ocean_breadcrumbs_links_hover_color":"","ocean_display_footer_widgets":"default","ocean_display_footer_bottom":"default","ocean_custom_footer_template":"0"},"product_brand":[],"product_cat":[178,176],"product_tag":[],"class_list":{"0":"post-1433","1":"product","2":"type-product","3":"status-publish","4":"has-post-thumbnail","6":"product_cat-178","7":"product_cat-zestawy-mat","9":"entry","10":"has-media","12":"first","13":"instock","14":"taxable","15":"shipping-taxable","16":"purchasable","17":"product-type-simple","18":"has-product-nav","19":"col","20":"span_1_of_3","21":"owp-content-center","22":"item-entry","23":"owp-thumbs-layout-horizontal","24":"owp-btn-normal","25":"owp-tabs-layout-horizontal"},"yoast_head":"<!-- This site is optimized with the Yoast SEO plugin v27.4 - https:\/\/yoast.com\/product\/yoast-seo-wordpress\/ -->\n<title>Mata ELEKTRA -7,0 m2- MD 160\/7,0 + izolacja + termostat - KARDO Sklep - Ogrzewanie pod\u0142ogowe i systemy grzejne<\/title>\n<meta name=\"robots\" content=\"index, follow, max-snippet:-1, max-image-preview:large, max-video-preview:-1\" \/>\n<link rel=\"canonical\" href=\"https:\/\/kardosystems.com\/sklep\/produkt\/mata-elektra-md-160-70-70-m2-izolacja-kardo-thermopanel-10-mm-termostat-elr-20\/\" \/>\n<meta property=\"og:locale\" content=\"pl_PL\" \/>\n<meta property=\"og:type\" content=\"article\" \/>\n<meta property=\"og:title\" content=\"Mata ELEKTRA -7,0 m2- MD 160\/7,0 + izolacja + termostat - KARDO Sklep - Ogrzewanie pod\u0142ogowe i systemy grzejne\" \/>\n<meta property=\"og:description\" content=\"Zestaw elektrycznego ogrzewania pod\u0142ogowego na powierzchni\u0119 7,0 m2 wraz z podk\u0142adem izolacyjnym KARDO Thermopanel grubo\u015bci 10 mm oraz elektronicznym 6-cio zdarzeniowym termostatem programowalnym z du\u017cym wy\u015bwietlaczem LCD.  - mata MD 160\/7,0 (1120W) - 1 szt - termostat ELR-20 - 1 szt - p\u0142yta izolacyjna Thermopanel - 10 szt  Instrukcja mata ELEKTRA  Instrukcja termostat ELR-20 Karta katalogowa - instrukcja KARDO Thermopanel  &nbsp;\" \/>\n<meta property=\"og:url\" content=\"https:\/\/kardosystems.com\/sklep\/produkt\/mata-elektra-md-160-70-70-m2-izolacja-kardo-thermopanel-10-mm-termostat-elr-20\/\" \/>\n<meta property=\"og:site_name\" content=\"KARDO Sklep - Ogrzewanie pod\u0142ogowe i systemy grzejne\" \/>\n<meta property=\"article:modified_time\" content=\"2025-07-24T08:20:12+00:00\" \/>\n<meta property=\"og:image\" content=\"https:\/\/kardosystems.com\/sklep\/wp-content\/uploads\/2020\/08\/zestaw-1-scaled.jpg\" \/>\n\t<meta property=\"og:image:width\" content=\"2560\" \/>\n\t<meta property=\"og:image:height\" content=\"1717\" \/>\n\t<meta property=\"og:image:type\" content=\"image\/jpeg\" \/>\n<meta name=\"twitter:card\" content=\"summary_large_image\" \/>\n<meta name=\"twitter:label1\" content=\"Szacowany czas czytania\" \/>\n\t<meta name=\"twitter:data1\" content=\"2 minuty\" \/>\n<script type=\"application\/ld+json\" class=\"yoast-schema-graph\">{\"@context\":\"https:\\\/\\\/schema.org\",\"@graph\":[{\"@type\":\"WebPage\",\"@id\":\"https:\\\/\\\/kardosystems.com\\\/sklep\\\/produkt\\\/mata-elektra-md-160-70-70-m2-izolacja-kardo-thermopanel-10-mm-termostat-elr-20\\\/\",\"url\":\"https:\\\/\\\/kardosystems.com\\\/sklep\\\/produkt\\\/mata-elektra-md-160-70-70-m2-izolacja-kardo-thermopanel-10-mm-termostat-elr-20\\\/\",\"name\":\"Mata ELEKTRA -7,0 m2- MD 160\\\/7,0 + izolacja + termostat - KARDO Sklep - Ogrzewanie pod\u0142ogowe i systemy grzejne\",\"isPartOf\":{\"@id\":\"https:\\\/\\\/kardosystems.com\\\/sklep\\\/#website\"},\"primaryImageOfPage\":{\"@id\":\"https:\\\/\\\/kardosystems.com\\\/sklep\\\/produkt\\\/mata-elektra-md-160-70-70-m2-izolacja-kardo-thermopanel-10-mm-termostat-elr-20\\\/#primaryimage\"},\"image\":{\"@id\":\"https:\\\/\\\/kardosystems.com\\\/sklep\\\/produkt\\\/mata-elektra-md-160-70-70-m2-izolacja-kardo-thermopanel-10-mm-termostat-elr-20\\\/#primaryimage\"},\"thumbnailUrl\":\"https:\\\/\\\/kardosystems.com\\\/sklep\\\/wp-content\\\/uploads\\\/2020\\\/08\\\/zestaw-1-scaled.jpg\",\"datePublished\":\"2020-08-24T12:04:33+00:00\",\"dateModified\":\"2025-07-24T08:20:12+00:00\",\"breadcrumb\":{\"@id\":\"https:\\\/\\\/kardosystems.com\\\/sklep\\\/produkt\\\/mata-elektra-md-160-70-70-m2-izolacja-kardo-thermopanel-10-mm-termostat-elr-20\\\/#breadcrumb\"},\"inLanguage\":\"pl-PL\",\"potentialAction\":[{\"@type\":\"ReadAction\",\"target\":[\"https:\\\/\\\/kardosystems.com\\\/sklep\\\/produkt\\\/mata-elektra-md-160-70-70-m2-izolacja-kardo-thermopanel-10-mm-termostat-elr-20\\\/\"]}]},{\"@type\":\"ImageObject\",\"inLanguage\":\"pl-PL\",\"@id\":\"https:\\\/\\\/kardosystems.com\\\/sklep\\\/produkt\\\/mata-elektra-md-160-70-70-m2-izolacja-kardo-thermopanel-10-mm-termostat-elr-20\\\/#primaryimage\",\"url\":\"https:\\\/\\\/kardosystems.com\\\/sklep\\\/wp-content\\\/uploads\\\/2020\\\/08\\\/zestaw-1-scaled.jpg\",\"contentUrl\":\"https:\\\/\\\/kardosystems.com\\\/sklep\\\/wp-content\\\/uploads\\\/2020\\\/08\\\/zestaw-1-scaled.jpg\",\"width\":2560,\"height\":1717},{\"@type\":\"BreadcrumbList\",\"@id\":\"https:\\\/\\\/kardosystems.com\\\/sklep\\\/produkt\\\/mata-elektra-md-160-70-70-m2-izolacja-kardo-thermopanel-10-mm-termostat-elr-20\\\/#breadcrumb\",\"itemListElement\":[{\"@type\":\"ListItem\",\"position\":1,\"name\":\"Strona g\u0142\u00f3wna\",\"item\":\"https:\\\/\\\/kardosystems.com\\\/sklep\\\/\"},{\"@type\":\"ListItem\",\"position\":2,\"name\":\"Wszystkie produkty\",\"item\":\"https:\\\/\\\/kardosystems.com\\\/sklep\\\/produkty\\\/\"},{\"@type\":\"ListItem\",\"position\":3,\"name\":\"Mata ELEKTRA -7,0 m2- MD 160\\\/7,0 + izolacja + termostat\"}]},{\"@type\":\"WebSite\",\"@id\":\"https:\\\/\\\/kardosystems.com\\\/sklep\\\/#website\",\"url\":\"https:\\\/\\\/kardosystems.com\\\/sklep\\\/\",\"name\":\"KARDO Sklep - Ogrzewanie pod\u0142ogowe i systemy grzejne\",\"description\":\"Systemy KARDO izolacyjno grzewcze\",\"publisher\":{\"@id\":\"https:\\\/\\\/kardosystems.com\\\/sklep\\\/#organization\"},\"potentialAction\":[{\"@type\":\"SearchAction\",\"target\":{\"@type\":\"EntryPoint\",\"urlTemplate\":\"https:\\\/\\\/kardosystems.com\\\/sklep\\\/?s={search_term_string}\"},\"query-input\":{\"@type\":\"PropertyValueSpecification\",\"valueRequired\":true,\"valueName\":\"search_term_string\"}}],\"inLanguage\":\"pl-PL\"},{\"@type\":\"Organization\",\"@id\":\"https:\\\/\\\/kardosystems.com\\\/sklep\\\/#organization\",\"name\":\"KARDO SYSTEMS\",\"url\":\"https:\\\/\\\/kardosystems.com\\\/sklep\\\/\",\"logo\":{\"@type\":\"ImageObject\",\"inLanguage\":\"pl-PL\",\"@id\":\"https:\\\/\\\/kardosystems.com\\\/sklep\\\/#\\\/schema\\\/logo\\\/image\\\/\",\"url\":\"https:\\\/\\\/kardosystems.com\\\/sklep\\\/wp-content\\\/uploads\\\/2020\\\/06\\\/cropped-logosdsdsd.png\",\"contentUrl\":\"https:\\\/\\\/kardosystems.com\\\/sklep\\\/wp-content\\\/uploads\\\/2020\\\/06\\\/cropped-logosdsdsd.png\",\"width\":512,\"height\":512,\"caption\":\"KARDO SYSTEMS\"},\"image\":{\"@id\":\"https:\\\/\\\/kardosystems.com\\\/sklep\\\/#\\\/schema\\\/logo\\\/image\\\/\"}}]}<\/script>\n<!-- \/ Yoast SEO plugin. -->","yoast_head_json":{"title":"Mata ELEKTRA -7,0 m2- MD 160\/7,0 + izolacja + termostat - KARDO Sklep - Ogrzewanie pod\u0142ogowe i systemy grzejne","robots":{"index":"index","follow":"follow","max-snippet":"max-snippet:-1","max-image-preview":"max-image-preview:large","max-video-preview":"max-video-preview:-1"},"canonical":"https:\/\/kardosystems.com\/sklep\/produkt\/mata-elektra-md-160-70-70-m2-izolacja-kardo-thermopanel-10-mm-termostat-elr-20\/","og_locale":"pl_PL","og_type":"article","og_title":"Mata ELEKTRA -7,0 m2- MD 160\/7,0 + izolacja + termostat - KARDO Sklep - Ogrzewanie pod\u0142ogowe i systemy grzejne","og_description":"Zestaw elektrycznego ogrzewania pod\u0142ogowego na powierzchni\u0119 7,0 m2 wraz z podk\u0142adem izolacyjnym KARDO Thermopanel grubo\u015bci 10 mm oraz elektronicznym 6-cio zdarzeniowym termostatem programowalnym z du\u017cym wy\u015bwietlaczem LCD.  - mata MD 160\/7,0 (1120W) - 1 szt - termostat ELR-20 - 1 szt - p\u0142yta izolacyjna Thermopanel - 10 szt  Instrukcja mata ELEKTRA  Instrukcja termostat ELR-20 Karta katalogowa - instrukcja KARDO Thermopanel  &nbsp;","og_url":"https:\/\/kardosystems.com\/sklep\/produkt\/mata-elektra-md-160-70-70-m2-izolacja-kardo-thermopanel-10-mm-termostat-elr-20\/","og_site_name":"KARDO Sklep - Ogrzewanie pod\u0142ogowe i systemy grzejne","article_modified_time":"2025-07-24T08:20:12+00:00","og_image":[{"width":2560,"height":1717,"url":"https:\/\/kardosystems.com\/sklep\/wp-content\/uploads\/2020\/08\/zestaw-1-scaled.jpg","type":"image\/jpeg"}],"twitter_card":"summary_large_image","twitter_misc":{"Szacowany czas czytania":"2 minuty"},"schema":{"@context":"https:\/\/schema.org","@graph":[{"@type":"WebPage","@id":"https:\/\/kardosystems.com\/sklep\/produkt\/mata-elektra-md-160-70-70-m2-izolacja-kardo-thermopanel-10-mm-termostat-elr-20\/","url":"https:\/\/kardosystems.com\/sklep\/produkt\/mata-elektra-md-160-70-70-m2-izolacja-kardo-thermopanel-10-mm-termostat-elr-20\/","name":"Mata ELEKTRA -7,0 m2- MD 160\/7,0 + izolacja + termostat - KARDO Sklep - Ogrzewanie pod\u0142ogowe i systemy grzejne","isPartOf":{"@id":"https:\/\/kardosystems.com\/sklep\/#website"},"primaryImageOfPage":{"@id":"https:\/\/kardosystems.com\/sklep\/produkt\/mata-elektra-md-160-70-70-m2-izolacja-kardo-thermopanel-10-mm-termostat-elr-20\/#primaryimage"},"image":{"@id":"https:\/\/kardosystems.com\/sklep\/produkt\/mata-elektra-md-160-70-70-m2-izolacja-kardo-thermopanel-10-mm-termostat-elr-20\/#primaryimage"},"thumbnailUrl":"https:\/\/kardosystems.com\/sklep\/wp-content\/uploads\/2020\/08\/zestaw-1-scaled.jpg","datePublished":"2020-08-24T12:04:33+00:00","dateModified":"2025-07-24T08:20:12+00:00","breadcrumb":{"@id":"https:\/\/kardosystems.com\/sklep\/produkt\/mata-elektra-md-160-70-70-m2-izolacja-kardo-thermopanel-10-mm-termostat-elr-20\/#breadcrumb"},"inLanguage":"pl-PL","potentialAction":[{"@type":"ReadAction","target":["https:\/\/kardosystems.com\/sklep\/produkt\/mata-elektra-md-160-70-70-m2-izolacja-kardo-thermopanel-10-mm-termostat-elr-20\/"]}]},{"@type":"ImageObject","inLanguage":"pl-PL","@id":"https:\/\/kardosystems.com\/sklep\/produkt\/mata-elektra-md-160-70-70-m2-izolacja-kardo-thermopanel-10-mm-termostat-elr-20\/#primaryimage","url":"https:\/\/kardosystems.com\/sklep\/wp-content\/uploads\/2020\/08\/zestaw-1-scaled.jpg","contentUrl":"https:\/\/kardosystems.com\/sklep\/wp-content\/uploads\/2020\/08\/zestaw-1-scaled.jpg","width":2560,"height":1717},{"@type":"BreadcrumbList","@id":"https:\/\/kardosystems.com\/sklep\/produkt\/mata-elektra-md-160-70-70-m2-izolacja-kardo-thermopanel-10-mm-termostat-elr-20\/#breadcrumb","itemListElement":[{"@type":"ListItem","position":1,"name":"Strona g\u0142\u00f3wna","item":"https:\/\/kardosystems.com\/sklep\/"},{"@type":"ListItem","position":2,"name":"Wszystkie produkty","item":"https:\/\/kardosystems.com\/sklep\/produkty\/"},{"@type":"ListItem","position":3,"name":"Mata ELEKTRA -7,0 m2- MD 160\/7,0 + izolacja + termostat"}]},{"@type":"WebSite","@id":"https:\/\/kardosystems.com\/sklep\/#website","url":"https:\/\/kardosystems.com\/sklep\/","name":"KARDO Sklep - Ogrzewanie pod\u0142ogowe i systemy grzejne","description":"Systemy KARDO izolacyjno grzewcze","publisher":{"@id":"https:\/\/kardosystems.com\/sklep\/#organization"},"potentialAction":[{"@type":"SearchAction","target":{"@type":"EntryPoint","urlTemplate":"https:\/\/kardosystems.com\/sklep\/?s={search_term_string}"},"query-input":{"@type":"PropertyValueSpecification","valueRequired":true,"valueName":"search_term_string"}}],"inLanguage":"pl-PL"},{"@type":"Organization","@id":"https:\/\/kardosystems.com\/sklep\/#organization","name":"KARDO SYSTEMS","url":"https:\/\/kardosystems.com\/sklep\/","logo":{"@type":"ImageObject","inLanguage":"pl-PL","@id":"https:\/\/kardosystems.com\/sklep\/#\/schema\/logo\/image\/","url":"https:\/\/kardosystems.com\/sklep\/wp-content\/uploads\/2020\/06\/cropped-logosdsdsd.png","contentUrl":"https:\/\/kardosystems.com\/sklep\/wp-content\/uploads\/2020\/06\/cropped-logosdsdsd.png","width":512,"height":512,"caption":"KARDO SYSTEMS"},"image":{"@id":"https:\/\/kardosystems.com\/sklep\/#\/schema\/logo\/image\/"}}]}},"_links":{"self":[{"href":"https:\/\/kardosystems.com\/sklep\/wp-json\/wp\/v2\/product\/1433","targetHints":{"allow":["GET"]}}],"collection":[{"href":"https:\/\/kardosystems.com\/sklep\/wp-json\/wp\/v2\/product"}],"about":[{"href":"https:\/\/kardosystems.com\/sklep\/wp-json\/wp\/v2\/types\/product"}],"replies":[{"embeddable":true,"href":"https:\/\/kardosystems.com\/sklep\/wp-json\/wp\/v2\/comments?post=1433"}],"version-history":[{"count":4,"href":"https:\/\/kardosystems.com\/sklep\/wp-json\/wp\/v2\/product\/1433\/revisions"}],"predecessor-version":[{"id":2161,"href":"https:\/\/kardosystems.com\/sklep\/wp-json\/wp\/v2\/product\/1433\/revisions\/2161"}],"wp:featuredmedia":[{"embeddable":true,"href":"https:\/\/kardosystems.com\/sklep\/wp-json\/wp\/v2\/media\/1381"}],"wp:attachment":[{"href":"https:\/\/kardosystems.com\/sklep\/wp-json\/wp\/v2\/media?parent=1433"}],"wp:term":[{"taxonomy":"product_brand","embeddable":true,"href":"https:\/\/kardosystems.com\/sklep\/wp-json\/wp\/v2\/product_brand?post=1433"},{"taxonomy":"product_cat","embeddable":true,"href":"https:\/\/kardosystems.com\/sklep\/wp-json\/wp\/v2\/product_cat?post=1433"},{"taxonomy":"product_tag","embeddable":true,"href":"https:\/\/kardosystems.com\/sklep\/wp-json\/wp\/v2\/product_tag?post=1433"}],"curies":[{"name":"wp","href":"https:\/\/api.w.org\/{rel}","templated":true}]}}